2
Suppose 85 = 10*v - 9*v. What is the tens digit of v?
8
Let w = -8 + 13. Suppose 80 = -w*u + z, z - 1 = 4. Let m = u + 41. What is the tens digit of m?
2
Let h(u) = -u**3 + 15*u**2 - u + 11. Let m be h(15). Let w be m + (-1 - -2 - -2). What is the tens digit of 78/18*(2 - w)?
1
Let h be -1 + ((-2)/6)/(16/192). Let q(v) = -v**3 + v**2 - 9. What is the tens digit of q(h)?
4
Let u = -438 + 486. Suppose -k - k = 2*w + 2, -4*w + 3*k = -31. Suppose 8*a = w*a + u. What is the tens digit of a?
1
Let z(b) = -b**3 - 3*b - 2*b + 8*b - 5*b**2 + 9 + 5*b. Let m be z(-6). What is the units digit of m/2*-12 - 1?
7
Let f(x) = -x**3 - x + 8*x**2 - 12*x**2 + 5*x. Let s be f(-5). Let a = s + 29. What is the units digit of a?
4
Let u = 1326 + -265. What is the units digit of u?
1
Suppose 3*k - 5*p + 0*p + 1052 = 0, 3 = 3*p. Let l = -190 - k. What is the units digit of l?
9
Suppose 0 = -5*j - 4*v + 2440, -4*j = -2*j - 3*v - 953. What is the tens digit of j?
8
Let r = -93 + 189. What is the tens digit of r?
9
Suppose -a = -a + 6*a. What is the units digit of (a - 8)/(12/(-4))*24?
4
Let z be -2 - 1*-4*1. Suppose k + z*k - 9 = 0. Suppose -3 = -f - 3*g - 1, 0 = -k*g. What is the units digit of f?
2
Let q = 29 + -19. Let u = 16 - q. Suppose g - 4 = u. What is the units digit of g?
0
Suppose 3*i + 3*l = 3351, -4*i + 21*l + 4447 = 18*l. What is the tens digit of i?
1
What is the hundreds digit of 1 - 20/(-5) - -644?
6
Let k = 28 + -25. Suppose f = r - 64, 0 = k*f + 2*f + 20. What is the tens digit of r?
6
Suppose -4*x + 5*k = 2*k + 6, 3*k = -6. Let y be (2/x)/((-2)/15). Suppose y*z - 30 = 3*z. What is the units digit of z?
5
Let y = -9 - -30. What is the hundreds digit of 2/7 + 0 + 4110/y?
1
Suppose 3*y + 3 = -0. Let t(i) = 51*i**2 + i. What is the tens digit of t(y)?
5
Let m(q) = -q**2 + 13*q - 16. Let a be m(11). Suppose -2*g + a*g = 4*u + 52, -4*g = 3*u - 38. What is the units digit of (-11)/(g/(-24)) + 1?
5
Let c(v) = v**3 - v**2 + 2*v + 7. Let f be c(0). Let s(x) = 6*x - 4*x - x**3 + 7*x**2 - 4 + 12. What is the tens digit of s(f)?
2
What is the units digit of -8 + 28*610/20?
6
Suppose -v + 3*n - 21 + 316 = 0, 1441 = 5*v + 2*n. What is the units digit of v?
9
What is the units digit of ((4 - 6) + -392)/((-2)/1)?
7
Suppose v = 4*b - 2*v - 820, -3*b + 4*v = -622. What is the units digit of b?
2
Let c(j) = 6*j - 3. Let i(f) = -5*f + 3. Let k(n) = 4*c(n) + 5*i(n). Let m be k(12). Let a(s) = s**3 + 9*s**2 - 3*s - 11. What is the units digit of a(m)?
6
Let v = 85 + 149. What is the hundreds digit of v?
2
Let k be 19/(0 - (-4)/12). Suppose n + 33 = 2*c + 2*c, -k = 2*n + c. What is the tens digit of -2 - n - (-5 + 4)?
2
Suppose 8*f - 9*f - 104 = 0. What is the units digit of (-1)/(3/6) - f?
2
What is the thousands digit of (-452 - 61)*(-22)/6?
1
Let h be 464/(-26) + (-4)/26. Let r be 1/(3/h*-3). Suppose -17 - 5 = -r*l. What is the units digit of l?
1
Let y(t) = 8*t - 4. Let o be y(3). Suppose 0 = 2*x - o - 80. What is the tens digit of x?
5
Suppose -a = 3*c - 712, 710 = 4*c + a - 241. Let m = -159 + c. What is the tens digit of m?
8
Let y(q) = q + 13. Let v be y(-9). Let r be 3 - (-19 - 4/v). Suppose 0 = 2*l + 2*a - 0*a - 86, -l + r = -3*a. What is the tens digit of l?
3
Suppose 2*d + q - 2541 = 0, 63*d - 3*q + 3813 = 66*d. What is the units digit of d?
0
Let r be (183/4)/((-3)/(-12)). Let j = r + -125. Let i = j - 34. What is the tens digit of i?
2
Let y(l) = -6*l**3 - 5*l**2 - 9*l + 2. What is the units digit of y(-6)?
2
Let d(h) = -10*h - 55. What is the units digit of d(-13)?
5
Let j = 62 - 35. Let p(z) = z**2 + 9*z + 3. Let q be p(-4). Let a = j + q. What is the tens digit of a?
1
Let p(l) = 4*l**2 + l - 2. Let z be (-3)/15 - 62/(-10). Suppose 2*m - z = 4*m + 4*f, 3*f = m - 12. What is the tens digit of p(m)?
3
Let i(w) = -2*w**3 - w - 1. Let d be i(-1). Let q = d - 4. What is the tens digit of 2/(-4) + (-59)/q?
2
Suppose 0 = 2*m + 31 - 1305. Suppose -2*h - 3*h = w - 189, 3*w + h = m. What is the hundreds digit of w?
2
Let j(u) = u**2 + 19*u + 18. Let t be j(-18). Suppose t = w - 17 - 24. What is the units digit of (3 + w - 3)/1?
1
Let v = -7 + 23. Suppose l + 4*o = 31, -v = -5*l + 5*o + 39. Suppose -a = -0*a - l. What is the tens digit of a?
1
Let b(c) = 94*c - 82. What is the tens digit of b(4)?
9
Let y(w) = 18*w - 4. Let q be y(5). Let a = q - 51. Suppose -175 = -6*f + f + 3*c, -f - 3*c + a = 0. What is the tens digit of f?
3
Let o(l) = 0 + 7*l - 2*l**2 + 8 - 2*l + 4*l**3 - 3*l**3. Let n be o(6). Suppose n = d + 2*d - m, -4*d = 2*m - 236. What is the units digit of d?
0
Suppose -l + 664 = -3*t, 3*l + 2*l = 5*t + 3280. Let f = l + -465. What is the tens digit of f?
8
Suppose -22*x = -18*x - 580. What is the units digit of x?
5
Let y(c) be the second derivative of c**4/12 - c**3/6 - 61*c**2/2 - 7*c. Let z be y(0). What is the units digit of (-6)/7*(z - 2)?
4
Let q(k) = -k**3 - 11*k**2 - 17*k - 32. Let g be q(-10). What is the hundreds digit of 7*(-2 + g) - 5?
2
Suppose -3*l - 4 = -5*l. Suppose 0 = k - 4 + l. What is the units digit of k/10 + (-118)/(-10)?
2
Let d be (3*-3)/(21/28). Let c be (-156 + -2)*d/24. Suppose -4*f - c + 251 = 0. What is the tens digit of f?
4
Let u = 58 + -12. Suppose 2*g - p - 31 + 79 = 0, -g - p = 30. Let l = u + g. What is the units digit of l?
0
What is the tens digit of (855/(-12))/(2/(-24))?
5
Suppose -2*f + 13 - 48 = -y, 0 = 3*f - y + 51. Let b = -12 - f. Suppose b*x - 34 = 62. What is the units digit of x?
4
Let b be -3 - (2/1)/1. What is the units digit of (-1)/(5645/1130 + b)?
6
Let m(y) = -y**2 + 8*y - 3. Let p be m(7). Suppose p*z - 6*z = -4. Suppose -k = -z*k + 45. What is the units digit of k?
5
Suppose s = -4*k + 40, -3*s - 32 = -4*k - 2*s. Let y be (2 - 0)*(-2)/(-4). Let p = k - y. What is the units digit of p?
8
Suppose 4659 - 1068 = 7*b. What is the units digit of b?
3
Let t = -6 - 59. Let v = t + 91. What is the units digit of v?
6
Suppose 3*i + 3 + 12 = 0. Let g(x) be the first derivative of -x**2/2 + 4*x - 4. What is the units digit of g(i)?
9
Let i(u) = u**2 + 12*u + 17. Let b be i(-11). Suppose b*g - 150 = 4*g. What is the units digit of g?
5
Suppose 0 = 3*i + 4*i - 1169. What is the tens digit of i?
6
Suppose -5*j + 29 = 9. What is the tens digit of j + 3*(-64)/(-6)?
3
Suppose -10816 = -k - 3*k. What is the tens digit of k?
0
Let j(u) = u. Let r be j(0). Let x be 2 - 1/((14/972)/(-7)). Suppose r = -4*p + 12*p - x. What is the tens digit of p?
6
Let k(a) = 0 + a - 3 + 3*a. Let m be k(6). Suppose 4*d = m + 7. What is the units digit of d?
7
Suppose 3*l - 4 = -13. Let a = 52 + l. What is the tens digit of a?
4
Suppose -3*w - 2*j - j + 1758 = 0, 2*w = -4*j + 1178. What is the tens digit of w?
8
Suppose m + 2940 = 2*q, 0*q = -2*q - 3*m + 2932. What is the tens digit of q?
6
Let y(w) = w**2 - 10*w + 9. Let z be y(11). Suppose d + d + z = 2*g, 3*d - 5 = -4*g. Suppose g*p = 3*j - 70, 2*j + 36 = 4*j + 2*p. What is the tens digit of j?
2
What is the hundreds digit of ((-2136)/(-9) - 3)*18/6?
7
Let g = 8 + -5. What is the tens digit of (-11)/(33/(-80)) + (-2)/g?
2
What is the tens digit of -1 - (-3 + (-3 - 355))?
6
Let f be (-5034)/14 + 4/7. What is the tens digit of 4/(-14) - f/7?
5
Let t(k) = -k**2 + 6*k - 1. Let m be t(7). Let a be (30/m)/(1/(-20)). Suppose 0 = x + s - 1 - 18, -5*x + 5*s = -a. What is the tens digit of x?
1
Suppose 4*r + 4*j - 244 = 0, 4*r - 61 = -3*j + 179. What is the units digit of r?
7
Suppose 0 = 3*z + 3 - 21. Let c(x) = 6*x**2 - 5*x + 11. What is the units digit of c(z)?
7
Let m(g) = -g**2 - 3*g - 2. Let p be m(-2). Suppose 5*v - 92 + 2 = p. Let w = v + 7. What is the tens digit of w?
2
Suppose 6479 = 3*p - 2*k, -12*p + 9*p + 6484 = -k. What is the units digit of p?
3
Suppose 17 = 3*f - 4*f + 2*s, 5*f + 60 = 5*s. Let k(u) = u**3 + 7*u**2 - 3*u + 8. What is the tens digit of k(f)?
2
Let u = -2246 + 5131. What is the tens digit of u?
8
Let a = -4 - -9. Suppose -a*v - 2 = 3. What is the units digit of v/4 + (-162)/(-8)?
0
Let t = -1 + 22. What is the units digit of (3 - (1 - t))*2?
6
Suppose 4*o = 2*u - 46, 5*u - 3*o - 106 = 2. What is the units digit of u/1 + 10 + -13?
8
Let n(i) = -i**2 + 13*i - 14. Let o be n(11). Suppose 0 = 5*t - t + o, -1041 = -5*b + 3*t. What is the tens digit of b?
0
Let m be (4